{"id":758,"date":"2018-03-07T15:50:30","date_gmt":"2018-03-07T14:50:30","guid":{"rendered":"http:\/\/slovany.fpol.cz\/?page_id=758"},"modified":"2018-03-07T15:54:39","modified_gmt":"2018-03-07T14:54:39","slug":"veteranenmeisterschaft-anmeldungsformular","status":"publish","type":"page","link":"https:\/\/www.sskslovany.cz\/?page_id=758","title":{"rendered":"Veteranenmeisterschaft Anmeldungsformular"},"content":{"rendered":"<h3 style=\"text-align: center;\">INTERNATIONALE MEISTERSCHAFT<br \/>\nDER TSCHECHISCHEN REPUBLIK<br \/>\nIN SPORTSCHIESSEN DER VETERANEN<\/h3>\n<h4 style=\"text-align: center;\">Anmeldungsformular<\/h4>\n<p><!-- ZA\u010c\u00c1TEK VLO\u017dEN\u00c9HO EXTERN\u00cdHO FORMUL\u00c1\u0158E --><\/p>\n<table align=\"center\">\n<tbody>\n<tr>\n<td>\n<div class=\"cognito\">\n<script src=\"https:\/\/services.cognitoforms.com\/s\/jJMh4QYEYEi8SyFtqmideQ\"><\/script><br \/>\n<script>Cognito.load(\"forms\", { id: \"18\" });<\/script><\/div>\n<\/td>\n<\/tr>\n<\/tbody>\n<\/table>\n<p><!-- KONEC VLO\u017dEN\u00c9HO EXTERN\u00cdHO FORMUL\u00c1\u0158E --><\/p>\n","protected":false},"excerpt":{"rendered":"<p>INTERNATIONALE MEISTERSCHAFT DER TSCHECHISCHEN REPUBLIK IN SPORTSCHIESSEN DER VETERANEN Anmeldungsformular<\/p>\n","protected":false},"author":1,"featured_media":0,"parent":0,"menu_order":3,"comment_status":"closed","ping_status":"closed","template":"page-template-full.php","meta":{"_crdt_document":"","footnotes":""},"class_list":["post-758","page","type-page","status-publish","hentry"],"_links":{"self":[{"href":"https:\/\/www.sskslovany.cz\/index.php?rest_route=\/wp\/v2\/pages\/758","targetHints":{"allow":["GET"]}}],"collection":[{"href":"https:\/\/www.sskslovany.cz\/index.php?rest_route=\/wp\/v2\/pages"}],"about":[{"href":"https:\/\/www.sskslovany.cz\/index.php?rest_route=\/wp\/v2\/types\/page"}],"author":[{"embeddable":true,"href":"https:\/\/www.sskslovany.cz\/index.php?rest_route=\/wp\/v2\/users\/1"}],"replies":[{"embeddable":true,"href":"https:\/\/www.sskslovany.cz\/index.php?rest_route=%2Fwp%2Fv2%2Fcomments&post=758"}],"version-history":[{"count":4,"href":"https:\/\/www.sskslovany.cz\/index.php?rest_route=\/wp\/v2\/pages\/758\/revisions"}],"predecessor-version":[{"id":3063,"href":"https:\/\/www.sskslovany.cz\/index.php?rest_route=\/wp\/v2\/pages\/758\/revisions\/3063"}],"wp:attachment":[{"href":"https:\/\/www.sskslovany.cz\/index.php?rest_route=%2Fwp%2Fv2%2Fmedia&parent=758"}],"curies":[{"name":"wp","href":"https:\/\/api.w.org\/{rel}","templated":true}]}}