{"id":6462,"date":"2022-01-08T18:54:34","date_gmt":"2022-01-08T17:54:34","guid":{"rendered":"https:\/\/www.sskslovany.cz\/?page_id=6462"},"modified":"2022-12-20T12:59:26","modified_gmt":"2022-12-20T11:59:26","slug":"vysledky-2022","status":"publish","type":"page","link":"https:\/\/www.sskslovany.cz\/?page_id=6462","title":{"rendered":"V\u00fdsledky 2022"},"content":{"rendered":"\n<ul class=\"wp-block-list\">\n<li><strong><a  data-e-Disable-Page-Transition=\"true\" class=\"download-link\" title=\"\" href=\"https:\/\/www.sskslovany.cz?download=6458&amp;tmstv=1777984402\" rel=\"nofollow\" id=\"download-link-6458\" data-redirect=\"false\" >\n\t20220108 - O poh\u00e1r SSK Plze\u0148 - Slovany\t(sta\u017eeno 882\u00d7 \t)\n<\/a>\n<\/strong><\/li>\n\n\n\n<li><strong><a  data-e-Disable-Page-Transition=\"true\" class=\"download-link\" title=\"\" href=\"https:\/\/www.sskslovany.cz?download=6473&amp;tmstv=1777984402\" rel=\"nofollow\" id=\"download-link-6473\" data-redirect=\"false\" >\n\t20220108 - Lednov\u00e1 vzduchovka\t(sta\u017eeno 713\u00d7 \t)\n<\/a>\n<\/strong><\/li>\n\n\n\n<li><strong><a  data-e-Disable-Page-Transition=\"true\" class=\"download-link\" title=\"\" href=\"https:\/\/www.sskslovany.cz?download=6496&amp;tmstv=1777984402\" rel=\"nofollow\" id=\"download-link-6496\" data-redirect=\"false\" >\n\t20220115 - 3. kolo Slovansk\u00e9 elektronick\u00e9 ligy\t(sta\u017eeno 984\u00d7 \t)\n<\/a>\n<\/strong><\/li>\n\n\n\n<li><strong><a  data-e-Disable-Page-Transition=\"true\" class=\"download-link\" title=\"\" href=\"https:\/\/www.sskslovany.cz?download=6524&amp;tmstv=1777984402\" rel=\"nofollow\" id=\"download-link-6524\" data-redirect=\"false\" >\n\t20220205 - 4. kolo Slovansk\u00e9 elektronick\u00e9 ligy\t(sta\u017eeno 1014\u00d7 \t)\n<\/a>\n<\/strong><\/li>\n\n\n\n<li><strong><a  data-e-Disable-Page-Transition=\"true\" class=\"download-link\" title=\"\" href=\"https:\/\/www.sskslovany.cz?download=6559&amp;tmstv=1777984402\" rel=\"nofollow\" id=\"download-link-6559\" data-redirect=\"false\" >\n\t20220213 - \u00danorov\u00e1 vzduchovka\t(sta\u017eeno 532\u00d7 \t)\n<\/a>\n<\/strong><\/li>\n\n\n\n<li><strong><a  data-e-Disable-Page-Transition=\"true\" class=\"download-link\" title=\"\" href=\"https:\/\/www.sskslovany.cz?download=6534&amp;tmstv=1777984402\" rel=\"nofollow\" id=\"download-link-6534\" data-redirect=\"false\" >\n\t20220226 - Fin\u00e1le Slovansk\u00e9 elektronick\u00e9 ligy\t(sta\u017eeno 960\u00d7 \t)\n<\/a>\n<\/strong><\/li>\n\n\n\n<li><strong><a  data-e-Disable-Page-Transition=\"true\" class=\"download-link\" title=\"\" href=\"https:\/\/www.sskslovany.cz?download=6564&amp;tmstv=1777984402\" rel=\"nofollow\" id=\"download-link-6564\" data-redirect=\"false\" >\n\t20220305 - B\u0159eznov\u00e1 vzduchovka\t(sta\u017eeno 635\u00d7 \t)\n<\/a>\n<\/strong><\/li>\n\n\n\n<li><strong><a  data-e-Disable-Page-Transition=\"true\" class=\"download-link\" title=\"\" href=\"https:\/\/www.sskslovany.cz?download=6823&amp;tmstv=1777984402\" rel=\"nofollow\" id=\"download-link-6823\" data-redirect=\"false\" >\n\t20220424 - Slovansk\u00e1 liga LP60 - 1. kolo\t(sta\u017eeno 640\u00d7 \t)\n<\/a>\n<\/strong><\/li>\n\n\n\n<li><strong><a  data-e-Disable-Page-Transition=\"true\" class=\"download-link\" title=\"\" href=\"https:\/\/www.sskslovany.cz?download=6857&amp;tmstv=1777984402\" rel=\"nofollow\" id=\"download-link-6857\" data-redirect=\"false\" >\n\t20220507 - Ko\u0161uteck\u00e1 flinta I\t(sta\u017eeno 945\u00d7 \t)\n<\/a>\n<\/strong><\/li>\n\n\n\n<li><strong><a  data-e-Disable-Page-Transition=\"true\" class=\"download-link\" title=\"\" href=\"https:\/\/www.sskslovany.cz?download=6872&amp;tmstv=1777984402\" rel=\"nofollow\" id=\"download-link-6872\" data-redirect=\"false\" >\n\t20220611 - Ko\u0161uteck\u00e1 m\u00ed\u0159enka\t(sta\u017eeno 698\u00d7 \t)\n<\/a>\n<\/strong><\/li>\n\n\n\n<li><strong><a  data-e-Disable-Page-Transition=\"true\" class=\"download-link\" title=\"\" href=\"https:\/\/www.sskslovany.cz?download=6875&amp;tmstv=1777984402\" rel=\"nofollow\" id=\"download-link-6875\" data-redirect=\"false\" >\n\t20220611 - Krajsk\u00fd p\u0159ebor VP 30+30\t(sta\u017eeno 588\u00d7 \t)\n<\/a>\n<\/strong><\/li>\n\n\n\n<li><strong><a  data-e-Disable-Page-Transition=\"true\" class=\"download-link\" title=\"\" href=\"https:\/\/www.sskslovany.cz?download=6879&amp;tmstv=1777984402\" rel=\"nofollow\" id=\"download-link-6879\" data-redirect=\"false\" >\n\t20220611 - Plze\u0148sk\u00fd revolver\t(sta\u017eeno 659\u00d7 \t)\n<\/a>\n<\/strong><\/li>\n\n\n\n<li><strong><a  data-e-Disable-Page-Transition=\"true\" class=\"download-link\" title=\"\" href=\"https:\/\/www.sskslovany.cz?download=6897&amp;tmstv=1777984402\" rel=\"nofollow\" id=\"download-link-6897\" data-redirect=\"false\" >\n\t20220619 - Championship of Veterans\t(sta\u017eeno 2022\u00d7 \t)\n<\/a>\n<\/strong><\/li>\n\n\n\n<li><strong><a  data-e-Disable-Page-Transition=\"true\" class=\"download-link\" title=\"\" href=\"https:\/\/www.sskslovany.cz?download=6910&amp;tmstv=1777984402\" rel=\"nofollow\" id=\"download-link-6910\" data-redirect=\"false\" >\n\t20220703 - Krajsk\u00fd p\u0159ebor LP 60\t(sta\u017eeno 620\u00d7 \t)\n<\/a>\n<\/strong><\/li>\n\n\n\n<li><strong><a  data-e-Disable-Page-Transition=\"true\" class=\"download-link\" title=\"\" href=\"https:\/\/www.sskslovany.cz?download=6913&amp;tmstv=1777984402\" rel=\"nofollow\" id=\"download-link-6913\" data-redirect=\"false\" >\n\t20220703 - Slovansk\u00e1 liga LP 60 - 2. kolo\t(sta\u017eeno 608\u00d7 \t)\n<\/a>\n<\/strong><\/li>\n\n\n\n<li><strong><a  data-e-Disable-Page-Transition=\"true\" class=\"download-link\" title=\"\" href=\"https:\/\/www.sskslovany.cz?download=6924&amp;tmstv=1777984402\" rel=\"nofollow\" id=\"download-link-6924\" data-redirect=\"false\" >\n\t20220807 - Slovansk\u00e1 liga LP 60 - 3. kolo\t(sta\u017eeno 664\u00d7 \t)\n<\/a>\n<\/strong><\/li>\n\n\n\n<li><strong><a  data-e-Disable-Page-Transition=\"true\" class=\"download-link\" title=\"\" href=\"https:\/\/www.sskslovany.cz?download=7011&amp;tmstv=1777984402\" rel=\"nofollow\" id=\"download-link-7011\" data-redirect=\"false\" >\n\t20220903 - Ko\u0161uteck\u00e1 flinta 2\t(sta\u017eeno 695\u00d7 \t)\n<\/a>\n<\/strong><\/li>\n\n\n\n<li><strong><a  data-e-Disable-Page-Transition=\"true\" class=\"download-link\" title=\"\" href=\"https:\/\/www.sskslovany.cz?download=7028&amp;tmstv=1777984402\" rel=\"nofollow\" id=\"download-link-7028\" data-redirect=\"false\" >\n\t20220911 - Slovansk\u00e1 liga LP 60 - 4. kolo\t(sta\u017eeno 624\u00d7 \t)\n<\/a>\n<\/strong><\/li>\n\n\n\n<li><strong><a  data-e-Disable-Page-Transition=\"true\" class=\"download-link\" title=\"\" href=\"https:\/\/www.sskslovany.cz?download=7181&amp;tmstv=1777984402\" rel=\"nofollow\" id=\"download-link-7181\" data-redirect=\"false\" >\n\t20221112 - Slovansk\u00e1 elektronick\u00e1 liga - 1. kolo\t(sta\u017eeno 522\u00d7 \t)\n<\/a>\n<\/strong><\/li>\n\n\n\n<li><strong><a  data-e-Disable-Page-Transition=\"true\" class=\"download-link\" title=\"\" href=\"https:\/\/www.sskslovany.cz?download=7222&amp;tmstv=1777984402\" rel=\"nofollow\" id=\"download-link-7222\" data-redirect=\"false\" >\n\t20221203 - Slovansk\u00e1 elektronick\u00e1 liga - 2. kolo\t(sta\u017eeno 444\u00d7 \t)\n<\/a>\n<\/strong><\/li>\n\n\n\n<li><strong><a  data-e-Disable-Page-Transition=\"true\" class=\"download-link\" title=\"\" href=\"https:\/\/www.sskslovany.cz?download=7228&amp;tmstv=1777984402\" rel=\"nofollow\" id=\"download-link-7228\" data-redirect=\"false\" >\n\t20221217 - Slovansk\u00e1 elektronick\u00e1 liga - 3. kolo\t(sta\u017eeno 556\u00d7 \t)\n<\/a>\n<\/strong><\/li>\n\n\n\n<li><strong><a  data-e-Disable-Page-Transition=\"true\" class=\"download-link\" title=\"\" href=\"https:\/\/www.sskslovany.cz?download=7240&amp;tmstv=1777984402\" rel=\"nofollow\" id=\"download-link-7240\" data-redirect=\"false\" >\n\t20221218 - V\u00e1no\u010dn\u00ed vzduchovka\t(sta\u017eeno 574\u00d7 \t)\n<\/a>\n<\/strong><\/li>\n<\/ul>\n\n\n\n<p class=\"wp-block-paragraph\"><\/p>\n","protected":false},"excerpt":{"rendered":"","protected":false},"author":1,"featured_media":0,"parent":0,"menu_order":0,"comment_status":"closed","ping_status":"closed","template":"","meta":{"_crdt_document":"","footnotes":""},"class_list":["post-6462","page","type-page","status-publish","hentry"],"_links":{"self":[{"href":"https:\/\/www.sskslovany.cz\/index.php?rest_route=\/wp\/v2\/pages\/6462","targetHints":{"allow":["GET"]}}],"collection":[{"href":"https:\/\/www.sskslovany.cz\/index.php?rest_route=\/wp\/v2\/pages"}],"about":[{"href":"https:\/\/www.sskslovany.cz\/index.php?rest_route=\/wp\/v2\/types\/page"}],"author":[{"embeddable":true,"href":"https:\/\/www.sskslovany.cz\/index.php?rest_route=\/wp\/v2\/users\/1"}],"replies":[{"embeddable":true,"href":"https:\/\/www.sskslovany.cz\/index.php?rest_route=%2Fwp%2Fv2%2Fcomments&post=6462"}],"version-history":[{"count":23,"href":"https:\/\/www.sskslovany.cz\/index.php?rest_route=\/wp\/v2\/pages\/6462\/revisions"}],"predecessor-version":[{"id":7243,"href":"https:\/\/www.sskslovany.cz\/index.php?rest_route=\/wp\/v2\/pages\/6462\/revisions\/7243"}],"wp:attachment":[{"href":"https:\/\/www.sskslovany.cz\/index.php?rest_route=%2Fwp%2Fv2%2Fmedia&parent=6462"}],"curies":[{"name":"wp","href":"https:\/\/api.w.org\/{rel}","templated":true}]}}