{"id":6383,"date":"2021-12-02T22:13:26","date_gmt":"2021-12-02T21:13:26","guid":{"rendered":"https:\/\/www.sskslovany.cz\/?page_id=6383"},"modified":"2022-11-05T00:42:09","modified_gmt":"2022-11-04T23:42:09","slug":"propozice-2022","status":"publish","type":"page","link":"https:\/\/www.sskslovany.cz\/?page_id=6383","title":{"rendered":"Propozice 2022"},"content":{"rendered":"\n<ul class=\"wp-block-list\">\n<li><strong><a  data-e-Disable-Page-Transition=\"true\" class=\"download-link\" title=\"\" href=\"https:\/\/www.sskslovany.cz?download=6325&amp;tmstv=1777141943\" rel=\"nofollow\" id=\"download-link-6325\" data-redirect=\"false\" >\n\t20220108 - O poh\u00e1r SSK Plze\u0148 - Slovany\t(sta\u017eeno 1299\u00d7 \t)\n<\/a>\n<\/strong><\/li>\n\n\n\n<li><a  data-e-Disable-Page-Transition=\"true\" class=\"download-link\" title=\"\" href=\"https:\/\/www.sskslovany.cz?download=6484&amp;tmstv=1777141943\" rel=\"nofollow\" id=\"download-link-6484\" data-redirect=\"false\" >\n\t20211016-20220305 - Karlovarsk\u00e1 Liga VzPu\t(sta\u017eeno 523\u00d7 \t)\n<\/a>\n<\/li>\n\n\n\n<li><a  data-e-Disable-Page-Transition=\"true\" class=\"download-link\" title=\"\" href=\"https:\/\/www.sskslovany.cz?download=6515&amp;tmstv=1777141943\" rel=\"nofollow\" id=\"download-link-6515\" data-redirect=\"false\" >\n\t20220205-20220206 - Hornick\u00fd kahan\t(sta\u017eeno 510\u00d7 \t)\n<\/a>\n<\/li>\n\n\n\n<li><a  data-e-Disable-Page-Transition=\"true\" class=\"download-link\" title=\"\" href=\"https:\/\/www.sskslovany.cz?download=6774&amp;tmstv=1777141943\" rel=\"nofollow\" id=\"download-link-6774\" data-redirect=\"false\" >\n\t20220415 - Klatovsk\u00e1 m\u00ed\u0159enka\t(sta\u017eeno 517\u00d7 \t)\n<\/a>\n<\/li>\n\n\n\n<li><strong><a  data-e-Disable-Page-Transition=\"true\" class=\"download-link\" title=\"\" href=\"https:\/\/www.sskslovany.cz?download=6590&amp;tmstv=1777141943\" rel=\"nofollow\" id=\"download-link-6590\" data-redirect=\"false\" >\n\t20220424-20220911 - Slovansk\u00e1 liga LP 60\t(sta\u017eeno 757\u00d7 \t)\n<\/a>\n<\/strong><\/li>\n\n\n\n<li><strong><a  data-e-Disable-Page-Transition=\"true\" class=\"download-link\" title=\"\" href=\"https:\/\/www.sskslovany.cz?download=6801&amp;tmstv=1777141943\" rel=\"nofollow\" id=\"download-link-6801\" data-redirect=\"false\" >\n\t20220507 - Ko\u0161uteck\u00e1 flinta 1\t(sta\u017eeno 719\u00d7 \t)\n<\/a>\n<\/strong><\/li>\n\n\n\n<li><a  data-e-Disable-Page-Transition=\"true\" class=\"download-link\" title=\"\" href=\"https:\/\/www.sskslovany.cz?download=6811&amp;tmstv=1777141943\" rel=\"nofollow\" id=\"download-link-6811\" data-redirect=\"false\" >\n\t20220507 - Jarn\u00ed cena Chaloupek\t(sta\u017eeno 520\u00d7 \t)\n<\/a>\n<\/li>\n\n\n\n<li><a  data-e-Disable-Page-Transition=\"true\" class=\"download-link\" title=\"\" href=\"https:\/\/www.sskslovany.cz?download=6830&amp;tmstv=1777141943\" rel=\"nofollow\" id=\"download-link-6830\" data-redirect=\"false\" >\n\t20220514 - Malor\u00e1\u017ekov\u00e1 odst\u0159elova\u010dka Kout na \u0160umav\u011b\t(sta\u017eeno 536\u00d7 \t)\n<\/a>\n<\/li>\n\n\n\n<li><a  data-e-Disable-Page-Transition=\"true\" class=\"download-link\" title=\"\" href=\"https:\/\/www.sskslovany.cz?download=6606&amp;tmstv=1777141943\" rel=\"nofollow\" id=\"download-link-6606\" data-redirect=\"false\" >\n\t20220528-220813 - Chodsk\u00fd Seniorsk\u00fd le\u017e\u00e1k\t(sta\u017eeno 567\u00d7 \t)\n<\/a>\n<\/li>\n\n\n\n<li><strong><a  data-e-Disable-Page-Transition=\"true\" class=\"download-link\" title=\"\" href=\"https:\/\/www.sskslovany.cz?download=6593&amp;tmstv=1777141943\" rel=\"nofollow\" id=\"download-link-6593\" data-redirect=\"false\" >\n\t20220611 - Plze\u0148sk\u00fd revolver\t(sta\u017eeno 663\u00d7 \t)\n<\/a>\n<\/strong><\/li>\n\n\n\n<li><strong><a  data-e-Disable-Page-Transition=\"true\" class=\"download-link\" title=\"\" href=\"https:\/\/www.sskslovany.cz?download=6597&amp;tmstv=1777141943\" rel=\"nofollow\" id=\"download-link-6597\" data-redirect=\"false\" >\n\t20220611 - Ko\u0161uteck\u00e1 m\u00ed\u0159enka\t(sta\u017eeno 673\u00d7 \t)\n<\/a>\n<\/strong><\/li>\n\n\n\n<li><a  data-e-Disable-Page-Transition=\"true\" class=\"download-link\" title=\"\" href=\"https:\/\/www.sskslovany.cz?download=6600&amp;tmstv=1777141943\" rel=\"nofollow\" id=\"download-link-6600\" data-redirect=\"false\" >\n\t20220611 - \u0160ampion velk\u00e9 r\u00e1\u017ee pro plze\u0148sk\u00fd kraj\t(sta\u017eeno 653\u00d7 \t)\n<\/a>\n<\/li>\n\n\n\n<li><strong><a  data-e-Disable-Page-Transition=\"true\" class=\"download-link\" title=\"\" href=\"https:\/\/www.sskslovany.cz?download=6720&amp;tmstv=1777141943\" rel=\"nofollow\" id=\"download-link-6720\" data-redirect=\"false\" >\n\t20220617-20220619 - Propozice MMV cz\t(sta\u017eeno 580\u00d7 \t)\n<\/a>\n<\/strong><\/li>\n\n\n\n<li><strong><a  data-e-Disable-Page-Transition=\"true\" class=\"download-link\" title=\"\" href=\"https:\/\/www.sskslovany.cz?download=6717&amp;tmstv=1777141943\" rel=\"nofollow\" id=\"download-link-6717\" data-redirect=\"false\" >\n\t20220617-20220619 - Championship of veterans Propositions\t(sta\u017eeno 626\u00d7 \t)\n<\/a>\n<\/strong><\/li>\n\n\n\n<li><strong><a  data-e-Disable-Page-Transition=\"true\" class=\"download-link\" title=\"\" href=\"https:\/\/www.sskslovany.cz?download=6969&amp;tmstv=1777141943\" rel=\"nofollow\" id=\"download-link-6969\" data-redirect=\"false\" >\n\t20220903 - Ko\u0161uteck\u00e1 flinta II\t(sta\u017eeno 686\u00d7 \t)\n<\/a>\n<\/strong><\/li>\n\n\n\n<li><a  data-e-Disable-Page-Transition=\"true\" class=\"download-link\" title=\"\" href=\"https:\/\/www.sskslovany.cz?download=6990&amp;tmstv=1777141943\" rel=\"nofollow\" id=\"download-link-6990\" data-redirect=\"false\" >\n\t20220903 - VC Pelh\u0159imova, Memori\u00e1l Josefa Veverky\t(sta\u017eeno 466\u00d7 \t)\n<\/a>\n<\/li>\n\n\n\n<li><a  data-e-Disable-Page-Transition=\"true\" class=\"download-link\" title=\"\" href=\"https:\/\/www.sskslovany.cz?download=6997&amp;tmstv=1777141943\" rel=\"nofollow\" id=\"download-link-6997\" data-redirect=\"false\" >\n\t20220917 - Podzimn\u00ed cena Chaloupek\t(sta\u017eeno 512\u00d7 \t)\n<\/a>\n<\/li>\n\n\n\n<li><a  data-e-Disable-Page-Transition=\"true\" class=\"download-link\" title=\"\" href=\"https:\/\/www.sskslovany.cz?download=7003&amp;tmstv=1777141943\" rel=\"nofollow\" id=\"download-link-7003\" data-redirect=\"false\" >\n\t20220917 - Poh\u00e1r Svornosti\t(sta\u017eeno 465\u00d7 \t)\n<\/a>\n<\/li>\n\n\n\n<li><a  data-e-Disable-Page-Transition=\"true\" class=\"download-link\" title=\"\" href=\"https:\/\/www.sskslovany.cz?download=7039&amp;tmstv=1777141943\" rel=\"nofollow\" id=\"download-link-7039\" data-redirect=\"false\" >\n\t20221012-20221207 - Fiala Cup 2020\/2023\t(sta\u017eeno 486\u00d7 \t)\n<\/a>\n<\/li>\n\n\n\n<li><strong><a  data-e-Disable-Page-Transition=\"true\" class=\"download-link\" title=\"\" href=\"https:\/\/www.sskslovany.cz?download=7149&amp;tmstv=1777141943\" rel=\"nofollow\" id=\"download-link-7149\" data-redirect=\"false\" >\n\t20221112-20230223-Slovansk\u00e1 elektronick\u00e1 liga\t(sta\u017eeno 710\u00d7 \t)\n<\/a>\n<\/strong><\/li>\n\n\n\n<li><strong><a  data-e-Disable-Page-Transition=\"true\" class=\"download-link\" title=\"\" href=\"https:\/\/www.sskslovany.cz?download=7172&amp;tmstv=1777141943\" rel=\"nofollow\" id=\"download-link-7172\" data-redirect=\"false\" >\n\t20221218-20230304 - VzPi Ko\u0161utka\t(sta\u017eeno 728\u00d7 \t)\n<\/a>\n<\/strong><\/li>\n<\/ul>\n","protected":false},"excerpt":{"rendered":"","protected":false},"author":1,"featured_media":0,"parent":0,"menu_order":0,"comment_status":"closed","ping_status":"closed","template":"","meta":{"_crdt_document":"","footnotes":""},"class_list":["post-6383","page","type-page","status-publish","hentry"],"_links":{"self":[{"href":"https:\/\/www.sskslovany.cz\/index.php?rest_route=\/wp\/v2\/pages\/6383","targetHints":{"allow":["GET"]}}],"collection":[{"href":"https:\/\/www.sskslovany.cz\/index.php?rest_route=\/wp\/v2\/pages"}],"about":[{"href":"https:\/\/www.sskslovany.cz\/index.php?rest_route=\/wp\/v2\/types\/page"}],"author":[{"embeddable":true,"href":"https:\/\/www.sskslovany.cz\/index.php?rest_route=\/wp\/v2\/users\/1"}],"replies":[{"embeddable":true,"href":"https:\/\/www.sskslovany.cz\/index.php?rest_route=%2Fwp%2Fv2%2Fcomments&post=6383"}],"version-history":[{"count":18,"href":"https:\/\/www.sskslovany.cz\/index.php?rest_route=\/wp\/v2\/pages\/6383\/revisions"}],"predecessor-version":[{"id":7175,"href":"https:\/\/www.sskslovany.cz\/index.php?rest_route=\/wp\/v2\/pages\/6383\/revisions\/7175"}],"wp:attachment":[{"href":"https:\/\/www.sskslovany.cz\/index.php?rest_route=%2Fwp%2Fv2%2Fmedia&parent=6383"}],"curies":[{"name":"wp","href":"https:\/\/api.w.org\/{rel}","templated":true}]}}