{"id":6249,"date":"2021-10-31T22:06:03","date_gmt":"2021-10-31T21:06:03","guid":{"rendered":"https:\/\/www.sskslovany.cz\/?page_id=6249"},"modified":"2021-10-31T22:06:03","modified_gmt":"2021-10-31T21:06:03","slug":"slovanska-elektronicka-liga-2021-2022-prihlaska","status":"publish","type":"page","link":"https:\/\/www.sskslovany.cz\/?page_id=6249","title":{"rendered":"SLOVANSK\u00c1 ELEKTRONICK\u00c1 LIGA 2021\/2022 &#8211; P\u0159ihl\u00e1\u0161ka"},"content":{"rendered":"\n<p class=\"has-text-align-center wp-block-paragraph\"><\/p>\n\n\n\n<p class=\"has-text-align-center wp-block-paragraph\"><\/p>\n\n\n\n<center><iframe loading=\"lazy\" width=\"442\" height=\"215\" src=\"https:\/\/docs.google.com\/spreadsheets\/d\/e\/2PACX-1vSmuMs_gk9iSpMNQUSokkZaC2DFsxau5u8N1wxm_-qWb3zmNEh7Id9Gxw-ZSUb43WrYA2EujwX89X5e\/pubhtml?gid=2048943465&amp;single=true&amp;widget=true&amp;headers=false\"><\/iframe><\/center>\n\n\n\n<div class=\"cognito\">\n<script src=\"https:\/\/services.cognitoforms.com\/s\/jJMh4QYEYEi8SyFtqmideQ\"><\/script>\n<script>Cognito.load(\"forms\", { id: \"29\" });<\/script>\n<\/div>\n","protected":false},"excerpt":{"rendered":"","protected":false},"author":1,"featured_media":0,"parent":0,"menu_order":0,"comment_status":"closed","ping_status":"closed","template":"page-nosidebar.php","meta":{"_crdt_document":"","footnotes":""},"class_list":["post-6249","page","type-page","status-publish","hentry"],"_links":{"self":[{"href":"https:\/\/www.sskslovany.cz\/index.php?rest_route=\/wp\/v2\/pages\/6249","targetHints":{"allow":["GET"]}}],"collection":[{"href":"https:\/\/www.sskslovany.cz\/index.php?rest_route=\/wp\/v2\/pages"}],"about":[{"href":"https:\/\/www.sskslovany.cz\/index.php?rest_route=\/wp\/v2\/types\/page"}],"author":[{"embeddable":true,"href":"https:\/\/www.sskslovany.cz\/index.php?rest_route=\/wp\/v2\/users\/1"}],"replies":[{"embeddable":true,"href":"https:\/\/www.sskslovany.cz\/index.php?rest_route=%2Fwp%2Fv2%2Fcomments&post=6249"}],"version-history":[{"count":18,"href":"https:\/\/www.sskslovany.cz\/index.php?rest_route=\/wp\/v2\/pages\/6249\/revisions"}],"predecessor-version":[{"id":7139,"href":"https:\/\/www.sskslovany.cz\/index.php?rest_route=\/wp\/v2\/pages\/6249\/revisions\/7139"}],"wp:attachment":[{"href":"https:\/\/www.sskslovany.cz\/index.php?rest_route=%2Fwp%2Fv2%2Fmedia&parent=6249"}],"curies":[{"name":"wp","href":"https:\/\/api.w.org\/{rel}","templated":true}]}}