{"id":5883,"date":"2020-12-20T00:49:26","date_gmt":"2020-12-19T23:49:26","guid":{"rendered":"https:\/\/www.sskslovany.cz\/?page_id=5883"},"modified":"2021-11-01T08:47:07","modified_gmt":"2021-11-01T07:47:07","slug":"propozice-2021","status":"publish","type":"page","link":"https:\/\/www.sskslovany.cz\/?page_id=5883","title":{"rendered":"Propozice 2021"},"content":{"rendered":"\n<ul class=\"wp-block-list\"><li><strong><a  data-e-Disable-Page-Transition=\"true\" class=\"download-link\" title=\"\" href=\"https:\/\/www.sskslovany.cz?download=5757&amp;tmstv=1777148142\" rel=\"nofollow\" id=\"download-link-5757\" data-redirect=\"false\" >\n\t20201219-20210306 - VzPi Ko\u0161utka\t(sta\u017eeno 1258\u00d7 \t)\n<\/a>\n<\/strong><\/li><li><strong><a  data-e-Disable-Page-Transition=\"true\" class=\"download-link\" title=\"\" href=\"https:\/\/www.sskslovany.cz?download=5834&amp;tmstv=1777148142\" rel=\"nofollow\" id=\"download-link-5834\" data-redirect=\"false\" >\n\t20210116 - O poh\u00e1r SSK Plze\u0148 - Slovany\t(sta\u017eeno 1027\u00d7 \t)\n<\/a>\n<\/strong><\/li><li><a  data-e-Disable-Page-Transition=\"true\" class=\"download-link\" title=\"\" href=\"https:\/\/www.sskslovany.cz?download=5973&amp;tmstv=1777148142\" rel=\"nofollow\" id=\"download-link-5973\" data-redirect=\"false\" >\n\t20210612-20210814 - Chodsk\u00fd seniorsk\u00fd le\u017e\u00e1k\t(sta\u017eeno 711\u00d7 \t)\n<\/a>\n<\/li><li><a  data-e-Disable-Page-Transition=\"true\" class=\"download-link\" title=\"\" href=\"https:\/\/www.sskslovany.cz?download=5977&amp;tmstv=1777148142\" rel=\"nofollow\" id=\"download-link-5977\" data-redirect=\"false\" >\n\t20210626 - Letn\u00ed cena Chaloupek\t(sta\u017eeno 576\u00d7 \t)\n<\/a>\n<\/li><li><strong><a  data-e-Disable-Page-Transition=\"true\" class=\"download-link\" title=\"\" href=\"https:\/\/www.sskslovany.cz?download=6016&amp;tmstv=1777148142\" rel=\"nofollow\" id=\"download-link-6016\" data-redirect=\"false\" >\n\t20210704-20210912 - Slovansk\u00e1 liga LP 60\t(sta\u017eeno 679\u00d7 \t)\n<\/a>\n<\/strong><\/li><li><a  data-e-Disable-Page-Transition=\"true\" class=\"download-link\" title=\"\" href=\"https:\/\/www.sskslovany.cz?download=6033&amp;tmstv=1777148142\" rel=\"nofollow\" id=\"download-link-6033\" data-redirect=\"false\" >\n\t20210710 - Letn\u00ed velk\u00e1 cena Novoles\t(sta\u017eeno 546\u00d7 \t)\n<\/a>\n<\/li><li><a  data-e-Disable-Page-Transition=\"true\" class=\"download-link\" title=\"\" href=\"https:\/\/www.sskslovany.cz?download=6053&amp;tmstv=1777148142\" rel=\"nofollow\" id=\"download-link-6053\" data-redirect=\"false\" >\n\t20210807 - Letn\u00ed cena Klatov\t(sta\u017eeno 490\u00d7 \t)\n<\/a>\n<\/li><li><a  data-e-Disable-Page-Transition=\"true\" class=\"download-link\" title=\"\" href=\"https:\/\/www.sskslovany.cz?download=6067&amp;tmstv=1777148142\" rel=\"nofollow\" id=\"download-link-6067\" data-redirect=\"false\" >\n\t20210808 - VC Lobez\t(sta\u017eeno 552\u00d7 \t)\n<\/a>\n<\/li><li><a  data-e-Disable-Page-Transition=\"true\" class=\"download-link\" title=\"\" href=\"https:\/\/www.sskslovany.cz?download=6061&amp;tmstv=1777148142\" rel=\"nofollow\" id=\"download-link-6061\" data-redirect=\"false\" >\n\t20210814 - VC SKP Psohlavec\t(sta\u017eeno 508\u00d7 \t)\n<\/a>\n<\/li><li><a rel=\"noreferrer noopener\" href=\"https:\/\/manusice.estranky.cz\/clanky\/aktualne\/memorial-gerdy-a-libora-kurkovych-28.-a-29.-8.-2021-propozice.html\" target=\"_blank\">20210828-20210829 &#8211; Memori\u00e1l Gerdy a Libora K\u016frkov\u00fdch (odkaz na str\u00e1nky po\u0159adatele)<\/a><\/li><li><a  data-e-Disable-Page-Transition=\"true\" class=\"download-link\" title=\"\" href=\"https:\/\/www.sskslovany.cz?download=6091&amp;tmstv=1777148142\" rel=\"nofollow\" id=\"download-link-6091\" data-redirect=\"false\" >\n\t20210911 - Poh\u00e1r Svornosti\t(sta\u017eeno 456\u00d7 \t)\n<\/a>\n<\/li><li><a  data-e-Disable-Page-Transition=\"true\" class=\"download-link\" title=\"\" href=\"https:\/\/www.sskslovany.cz?download=6118&amp;tmstv=1777148142\" rel=\"nofollow\" id=\"download-link-6118\" data-redirect=\"false\" >\n\t20210911-20210912 - VC Pelh\u0159imova, Memori\u00e1l Josefa Veverky\t(sta\u017eeno 502\u00d7 \t)\n<\/a>\n<\/li><li><a  data-e-Disable-Page-Transition=\"true\" class=\"download-link\" title=\"\" href=\"https:\/\/www.sskslovany.cz?download=6147&amp;tmstv=1777148142\" rel=\"nofollow\" id=\"download-link-6147\" data-redirect=\"false\" >\n\t20210925-20210926 - V\u00edkendov\u00fd z\u00e1vod\t(sta\u017eeno 516\u00d7 \t)\n<\/a>\n<\/li><li><a  data-e-Disable-Page-Transition=\"true\" class=\"download-link\" title=\"\" href=\"https:\/\/www.sskslovany.cz?download=6111&amp;tmstv=1777148142\" rel=\"nofollow\" id=\"download-link-6111\" data-redirect=\"false\" >\n\t20211009 - Podzimn\u00ed cena Chaloupek\t(sta\u017eeno 494\u00d7 \t)\n<\/a>\n<\/li><li><strong><a  data-e-Disable-Page-Transition=\"true\" class=\"download-link\" title=\"\" href=\"https:\/\/www.sskslovany.cz?download=6161&amp;tmstv=1777148142\" rel=\"nofollow\" id=\"download-link-6161\" data-redirect=\"false\" >\n\t20211009 - Plze\u0148sk\u00fd revolver\t(sta\u017eeno 614\u00d7 \t)\n<\/a>\n<\/strong><\/li><li><strong><a  data-e-Disable-Page-Transition=\"true\" class=\"download-link\" title=\"\" href=\"https:\/\/www.sskslovany.cz?download=6165&amp;tmstv=1777148142\" rel=\"nofollow\" id=\"download-link-6165\" data-redirect=\"false\" >\n\t20211009 - Ko\u0161uteck\u00e1 m\u00ed\u0159enka\t(sta\u017eeno 626\u00d7 \t)\n<\/a>\n<\/strong><\/li><li><strong><a  data-e-Disable-Page-Transition=\"true\" class=\"download-link\" title=\"\" href=\"https:\/\/www.sskslovany.cz?download=6284&amp;tmstv=1777148142\" rel=\"nofollow\" id=\"download-link-6284\" data-redirect=\"false\" >\n\t20211106-20220226 - Slovansk\u00e1 elektronick\u00e1 liga\t(sta\u017eeno 762\u00d7 \t)\n<\/a>\n<\/strong><\/li><li><a  data-e-Disable-Page-Transition=\"true\" class=\"download-link\" title=\"\" href=\"https:\/\/www.sskslovany.cz?download=6243&amp;tmstv=1777148142\" rel=\"nofollow\" id=\"download-link-6243\" data-redirect=\"false\" >\n\t20211120 - VC Dukly (VzPi)\t(sta\u017eeno 484\u00d7 \t)\n<\/a>\n<\/li><li><a  data-e-Disable-Page-Transition=\"true\" class=\"download-link\" title=\"\" href=\"https:\/\/www.sskslovany.cz?download=6309&amp;tmstv=1777148142\" rel=\"nofollow\" id=\"download-link-6309\" data-redirect=\"false\" >\n\t20211120 - VC Dukly, Memori\u00e1l J\u00e1ry Mot\u00e1ka\t(sta\u017eeno 475\u00d7 \t)\n<\/a>\n<\/li><li><strong><a  data-e-Disable-Page-Transition=\"true\" class=\"download-link\" title=\"\" href=\"https:\/\/www.sskslovany.cz?download=6231&amp;tmstv=1777148142\" rel=\"nofollow\" id=\"download-link-6231\" data-redirect=\"false\" >\n\t20211218-20220305 - VzPi na Ko\u0161utce\t(sta\u017eeno 834\u00d7 \t)\n<\/a>\n<\/strong><\/li><\/ul>\n","protected":false},"excerpt":{"rendered":"<p>20210828-20210829 &#8211; Memori\u00e1l Gerdy a Libora K\u016frkov\u00fdch (odkaz na str\u00e1nky po\u0159adatele)<\/p>\n","protected":false},"author":1,"featured_media":0,"parent":0,"menu_order":0,"comment_status":"closed","ping_status":"closed","template":"","meta":{"_crdt_document":"","footnotes":""},"class_list":["post-5883","page","type-page","status-publish","hentry"],"_links":{"self":[{"href":"https:\/\/www.sskslovany.cz\/index.php?rest_route=\/wp\/v2\/pages\/5883","targetHints":{"allow":["GET"]}}],"collection":[{"href":"https:\/\/www.sskslovany.cz\/index.php?rest_route=\/wp\/v2\/pages"}],"about":[{"href":"https:\/\/www.sskslovany.cz\/index.php?rest_route=\/wp\/v2\/types\/page"}],"author":[{"embeddable":true,"href":"https:\/\/www.sskslovany.cz\/index.php?rest_route=\/wp\/v2\/users\/1"}],"replies":[{"embeddable":true,"href":"https:\/\/www.sskslovany.cz\/index.php?rest_route=%2Fwp%2Fv2%2Fcomments&post=5883"}],"version-history":[{"count":18,"href":"https:\/\/www.sskslovany.cz\/index.php?rest_route=\/wp\/v2\/pages\/5883\/revisions"}],"predecessor-version":[{"id":6316,"href":"https:\/\/www.sskslovany.cz\/index.php?rest_route=\/wp\/v2\/pages\/5883\/revisions\/6316"}],"wp:attachment":[{"href":"https:\/\/www.sskslovany.cz\/index.php?rest_route=%2Fwp%2Fv2%2Fmedia&parent=5883"}],"curies":[{"name":"wp","href":"https:\/\/api.w.org\/{rel}","templated":true}]}}