{"id":4202,"date":"2019-02-08T23:50:11","date_gmt":"2019-02-08T22:50:11","guid":{"rendered":"http:\/\/www.sskslovany.cz\/?page_id=4202"},"modified":"2019-02-09T00:11:17","modified_gmt":"2019-02-08T23:11:17","slug":"veteranenmeisterschaft-propositionen-2019","status":"publish","type":"page","link":"https:\/\/www.sskslovany.cz\/?page_id=4202","title":{"rendered":"Veteranenmeisterschaft Propositionen 2019"},"content":{"rendered":"\n<h4 class=\"wp-block-heading\" style=\"text-align:center\"><strong>TSCHECHISCHE SCH\u00dcTZENFEDERATION<\/strong><\/h4>\n\n\n\n<h3 class=\"wp-block-heading\" style=\"text-align:center\">INTERNATIONALE MEISTERSCHAFT\nDER TSCHECHISCHEN REPUBLIK\nIM SPORTSCHIESSEN DER VETERANEN<\/h3>\n\n\n\n<p class=\"wp-block-paragraph\" style=\"text-align:center\">P R O P O S I T I O N E N<\/p>\n\n\n\n<p class=\"wp-block-paragraph\" style=\"text-align:center\">29. Jahrgang <\/p>\n\n\n\n<hr class=\"wp-block-separator\"\/>\n\n\n\n<p class=\"wp-block-paragraph\"><strong>Veranstalter:<\/strong> Sportlicher Schie\u00dfklub Slovany &#8211; Plze\u0148<br> <strong>Veranstaltungsst\u00e4tte:<\/strong> Tschechische Republik, Pilsen, Schie\u00dfstadion in Lobzy<br> <strong>Datum:<\/strong> 14. &#8211; 16. Juni 2019<\/p>\n\n\n\n<h3 class=\"wp-block-heading\">Organisationskomitee:<\/h3>\n\n\n\n<p class=\"wp-block-paragraph\"><strong>Director:<\/strong> Miroslav K\u00dd\u010cEK<br>\n<strong> Vorsitzender:<\/strong> Jan FIDLER<br>\n<strong>\u00d6konom:<\/strong> Ing. Jaroslav \u010cEKAN<br>\n<strong>Technischer Dienst:<\/strong> Franti\u0161ek POL\u00c1\u010cEK, Rastislav FABOK<br>\n<strong>Hauptschiedsrichter f\u00fcr 50m:<\/strong> Ludv\u00edk GASSELDORFER A 0108<br>\n<strong>Hauptschiedsrichter f\u00fcr 25m:<\/strong> Petr PARBUS ISSF B 4164<br>\n<strong>Hauptschiedsrichter f\u00fcr 10m:<\/strong> Josef GRIM A 0104<\/p>\n\n\n\n<h3 class=\"wp-block-heading\">Disziplinnen:<\/h3>\n\n\n\n<ol class=\"wp-block-list\"><li>KK &#8211; Sportpistole 5+30 Sch\u00fc\u00dfe (Pr\u00e4zision) (Siegerehrung am Samstag)<\/li><li>KK &#8211; Freie B\u00fcchse 60 Sch\u00fc\u00dfe liegend (Siegerehrung am Samstag)<\/li><li>Luftpistole 40 Sch\u00fc\u00dfe (Siegerehrung am Samstag)<\/li><li>Luftgewehr 40 Sch\u00fc\u00dfe (Siegerehrung am Samstag)<\/li><li>KK &#8211; Sportpistole 30+30 Sch\u00fc\u00dfe (ISSF) (Siegerehrung am Samstag und Sonntag)<\/li><li>KK &#8211; Freie B\u00fcchse 3\u00d720 Sch\u00fc\u00dfe (Standard) (Siegerehrung am Sonntag)<\/li><\/ol>\n\n\n\n<h3 class=\"wp-block-heading\">Bemerkung:<\/h3>\n\n\n\n<ul class=\"wp-block-list\"><li>25m und 50m Disziplin wird auf elektronischen Scheiben SIUS geschossen<\/li><li>die Disziplin Sportpistole 30+30 wird in zwei Tagen geschossen<\/li><li>wenn in einer Diszipline minimal sechs Frauen gestartet werden, werden sie in der selbstst\u00e4ndigen Kategorie ohne Alterunterschied bewertet<\/li><li>wenn mindestens drei Teilnehmer der Klasse SH1 in der Disziplin starten, werden sie unabh\u00e4ngig vom Alter in einer separaten Kategorie bewertet<\/li><\/ul>\n\n\n\n<h3 class=\"wp-block-heading\">Alterskategorien:<\/h3>\n\n\n\n<p class=\"wp-block-paragraph\">A &#8211; Wettk\u00e4mpfer im Alter von 65 und mehr (geboren 1954 &#8211; \u2026.)<br> B &#8211; Wettk\u00e4mpfer im Alter von 55 bis 64 (geboren 1964 -1955)<br> C &#8211; Wettk\u00e4mpfer im Alter von 45 bis 54 (geboren 1974 -1965)<\/p>\n\n\n\n<h3 class=\"wp-block-heading\">Startgeb\u00fchr:<\/h3>\n\n\n\n<ul class=\"wp-block-list\"><li>Startgeld f\u00fcr die Disziplin Sport Pistol 30+30 betr\u00e4gt 20,- EUR pro Person. Siegerehrung am Samstag (5+30) und Sonntag (30+30).<\/li><li>Startgeld f\u00fcr nur die Disziplin Sport Pistol 5+30 betr\u00e4gt 15,- EUR pro Person (Siegerehrung am Samstag).<\/li><li>F\u00fcr alle anderen Disziplinen ist das Startgeld 15,- EUR, zahlbar bei der Pr\u00e4sentation.<\/li><\/ul>\n\n\n\n<h3 class=\"wp-block-heading\">ZEITPLAN DES WETTBEWERBES:<\/h3>\n\n\n\n<ul class=\"wp-block-list\"><li> Pr\u00e4sentation: <ul><li>Die Pr\u00e4sentation zum Wettkampf findet f\u00fcr alle Disziplinen im Schie\u00dfstadion Lobzy statt und zwar am <ul><li>Freitag, 14. Juni 2019 von 13 bis 19 Uhr,<\/li><li>Samstag, 15. Juni 2019 von 7 bis 11 Uhr.  <\/li><\/ul><\/li><\/ul><\/li><li> Er\u00f6ffnungszeremoniell : <ul><li>Die Internationale Meisterschaft der Tschechischen Republik im Sportschie\u00dfen der Veteranen wird offiziell am Samstag 15.&nbsp;Juni 2019 um 9.00 Uhr er\u00f6ffnet. <\/li><\/ul><\/li><\/ul>\n\n\n\n<h3 class=\"wp-block-heading\">Wettbewerb:<\/h3>\n\n\n\n<ul class=\"wp-block-list\"><li><strong>Freitag, 14. Juni 2019<\/strong> <ul><li>air rifle, air pistol 40 shots <ul><li>1. Durchgang <ul><li>13.30 &#8211; Wettk\u00e4mpfer auf der Linie<\/li><li>13.45 &#8211; Vorbereitung und Probe<\/li><li>14.00-14.50 &#8211; Wettkampf schie\u00dfen <\/li><\/ul><\/li><li>2. Durchgang <ul><li>15.30 &#8211; Wettk\u00e4mpfer auf der Linie<\/li><li>15.45 &#8211; Vorbereitung und Probe<\/li><li>16.00-16.50 &#8211; Wettkampf schie\u00dfen <\/li><\/ul><\/li><li>3. Durchgang <ul><li>17.30 &#8211; Wettk\u00e4mpfer auf der Linie<\/li><li>17.45 &#8211; Vorbereitung und Probe<\/li><li>18.00-18.50 &#8211; Wettkampf schie\u00dfen   <\/li><\/ul><\/li><\/ul><\/li><\/ul><\/li><li><strong>Samstag, 15 Juni 2019<\/strong> <ul><li>air rifle, air pistol 40 shots <ul><li>4. Durchgang <ul><li>10.00 &#8211; Wettk\u00e4mpfer auf der Linie<\/li><li>10.15 &#8211; Vorbereitung und Probe<\/li><li>10.30-11.20 &#8211; Wettkampf schie\u00dfen <\/li><\/ul><\/li><li>5. Durchgang <ul><li>11.40 &#8211; Wettk\u00e4mpfer auf der Linie<\/li><li>11.55 &#8211; Vorbereitung und Probe<\/li><li>12.10-13.00 &#8211; Wettkampf schie\u00dfen <\/li><\/ul><\/li><li>6. Durchgang <ul><li>13.20 &#8211; Wettk\u00e4mpfer auf der Linie<\/li><li>13.35 &#8211; Vorbereitung und Probe<\/li><li>13.50-14.40 &#8211; Wettkampf schie\u00dfen <\/li><\/ul><\/li><li>7. Durchgang <ul><li>15.00 &#8211; Wettk\u00e4mpfer auf der Linie<\/li><li>15.15 &#8211; Vorbereitung und Probe<\/li><li>15.30-16.20 &#8211; Wettkampf schie\u00dfen  <\/li><\/ul><\/li><\/ul><\/li><li>KK Sportpistole 5+30 (Pr\u00e4zision) <ul><li>1. Durchgang &#8211; 10.00<\/li><li>2. Durchgang &#8211; 11.30<\/li><li>3. Durchgang &#8211; 13.00 <\/li><\/ul><\/li><li>KK Freie B\u00fcchse 60 Sch\u00fc\u00dfe liegend <ul><li>1. Durchgang <ul><li>10.00 &#8211; Wettk\u00e4mpfer auf der Linie<\/li><li>10.15 &#8211; Vorbereitungs und Sichtungs Zeit<\/li><li>10.30-11.20 &#8211; Wettkampf schie\u00dfen <\/li><\/ul><\/li><li>2. Durchgang <ul><li>12.15 &#8211; Athleten auf der Linie<\/li><li>12.30 &#8211; Vorbereitungs und Sichtungs Zeit<\/li><li>12.45-13.35 &#8211; Wettkampf schie\u00dfen  <\/li><\/ul><\/li><\/ul><\/li><li>Schiessen auf die Erinnerungscheibe werden auf den Schiesstand an der Tafel geschrieben<\/li><li>Siegerehrung f\u00fcr Samstag werden auf den Schiesstand an der Tafel geschrieben <\/li><\/ul><\/li><li><strong>Sonntag, 16. Juni 2019<\/strong> <ul><li>Sportpistole 30 Sch\u00fc\u00dfe <ul><li>1. Durchgang &#8211; 9.00<\/li><li>2. Durchgang &#8211; 10.20<\/li><li>3. Durchgang &#8211; 11.40 <\/li><\/ul><\/li><li>KK Freie B\u00fcchse 3 \u00d7 20 (Standard) <ul><li>1. Durchgang <ul><li>8.30 &#8211; Wettk\u00e4mpfer auf der Linie<\/li><li>8.45 &#8211; Vorbereitungs und Sichtungs Zeit<\/li><li>9.00-10.45 &#8211; Wettkampf schie\u00dfen  <\/li><\/ul><\/li><\/ul><\/li><li>Siegerehrung f\u00fcr Sonntag werden auf den Schiesstand an der Tafel geschrieben <\/li><\/ul><\/li><\/ul>\n\n\n\n<h3 class=\"wp-block-heading\">Abschlu\u00dfzeremoniell:<\/h3>\n\n\n\n<p class=\"wp-block-paragraph\">findet am Sonntag statt, 16. Juni 2019 werden auf den Schiesstand an der Tafel geschrieben, eingerechnet Serienwettkampfen in den beiden Disziplinen.<\/p>\n\n\n\n<h3 class=\"wp-block-heading\">Auswertung des Wettbewerbes:<\/h3>\n\n\n\n<p class=\"wp-block-paragraph\">In allen Disziplinen und Kategorien werden die ersten drei nach den ISSF Regeln bestimmt.<\/p>\n\n\n\n<h3 class=\"wp-block-heading\">Anmeldungen:<\/h3>\n\n\n\n<hr class=\"wp-block-separator\"\/>\n\n\n\n<p class=\"wp-block-paragraph\" style=\"text-align:center\">| <a rel=\"noreferrer noopener\" aria-label=\" (otev\u0159e se na nov\u00e9 z\u00e1lo\u017ece)\" href=\"http:\/\/www.sskslovany.cz\/?page_id=4173\" target=\"_blank\">E-formular<\/a> | <a href=\"http:\/\/www.sskslovany.cz?download=4212\" target=\"_blank\" rel=\"noreferrer noopener\" aria-label=\"PDF Formular (otev\u0159e se na nov\u00e9 z\u00e1lo\u017ece)\">PDF Formular<\/a> (46 kB) |<\/p>\n\n\n\n<hr class=\"wp-block-separator\"\/>\n\n\n\n<p class=\"wp-block-paragraph\"><em>Der Veranstalter bittet die Teilnehmer um schriftliche Anmeldung mit folgenden Angaben:<\/em><\/p>\n\n\n\n<ol class=\"wp-block-list\"><li>Name, Adresse und Geburtsdatum,<\/li><li>Verzeichnis der Disziplinen in welchen Sie starten wollen,<\/li><\/ol>\n\n\n\n<p class=\"wp-block-paragraph\">ANMELDUNGEN mit den erw\u00fcnschten Angaben senden Sie bitte SP\u00c4TESTENS bis <strong>31.&nbsp;Mai 2019<\/strong> an die Adresse des Vorsitzenders des Wettbewerbes:<\/p>\n\n\n\n<p class=\"wp-block-paragraph\">Jan FIDLER<br>ASS DUKLA Plze\u0148 &#8211; Lobzy<br>326 00 PLZE\u0147<br>TSCHECHISCHE REPUBLIK<\/p>\n\n\n\n<h3 class=\"wp-block-heading\">Allgemeine Informationen:<\/h3>\n\n\n\n<ul class=\"wp-block-list\"><li>Weitere Informationen und Exemplare der Propositionen bekommen Sie schriftlich vom Director auf der oben angegebenen Adresse, oder E mail Adressen info@sskslovany.cz, sskmp@telecom.cz.<\/li><li>\u00c4rtzlicher Dienst ist im Stadion die ganze Zeit gesichert.<\/li><\/ul>\n\n\n\n<p class=\"wp-block-paragraph\">Die Veranstalter w\u00fcnschen allen Sch\u00fctzen, die sich zur Teilnahme im unseren Wettbewerb entscheiden, eine sichere und angenehme Reise nach Pilsen.<\/p>\n","protected":false},"excerpt":{"rendered":"<p>TSCHECHISCHE SCH\u00dcTZENFEDERATION INTERNATIONALE MEISTERSCHAFT DER TSCHECHISCHEN REPUBLIK IM SPORTSCHIESSEN DER VETERANEN P R O P O S I T I O N E N 29. Jahrgang Veranstalter: Sportlicher Schie\u00dfklub Slovany [&hellip;]<\/p>\n","protected":false},"author":1,"featured_media":0,"parent":636,"menu_order":0,"comment_status":"closed","ping_status":"closed","template":"","meta":{"_crdt_document":"","footnotes":""},"class_list":["post-4202","page","type-page","status-publish","hentry"],"_links":{"self":[{"href":"https:\/\/www.sskslovany.cz\/index.php?rest_route=\/wp\/v2\/pages\/4202","targetHints":{"allow":["GET"]}}],"collection":[{"href":"https:\/\/www.sskslovany.cz\/index.php?rest_route=\/wp\/v2\/pages"}],"about":[{"href":"https:\/\/www.sskslovany.cz\/index.php?rest_route=\/wp\/v2\/types\/page"}],"author":[{"embeddable":true,"href":"https:\/\/www.sskslovany.cz\/index.php?rest_route=\/wp\/v2\/users\/1"}],"replies":[{"embeddable":true,"href":"https:\/\/www.sskslovany.cz\/index.php?rest_route=%2Fwp%2Fv2%2Fcomments&post=4202"}],"version-history":[{"count":5,"href":"https:\/\/www.sskslovany.cz\/index.php?rest_route=\/wp\/v2\/pages\/4202\/revisions"}],"predecessor-version":[{"id":4348,"href":"https:\/\/www.sskslovany.cz\/index.php?rest_route=\/wp\/v2\/pages\/4202\/revisions\/4348"}],"up":[{"embeddable":true,"href":"https:\/\/www.sskslovany.cz\/index.php?rest_route=\/wp\/v2\/pages\/636"}],"wp:attachment":[{"href":"https:\/\/www.sskslovany.cz\/index.php?rest_route=%2Fwp%2Fv2%2Fmedia&parent=4202"}],"curies":[{"name":"wp","href":"https:\/\/api.w.org\/{rel}","templated":true}]}}