{"id":3933,"date":"2018-11-27T17:07:17","date_gmt":"2018-11-27T16:07:17","guid":{"rendered":"http:\/\/www.sskslovany.cz\/?page_id=3933"},"modified":"2019-12-13T22:56:08","modified_gmt":"2019-12-13T21:56:08","slug":"propozice-2019","status":"publish","type":"page","link":"https:\/\/www.sskslovany.cz\/?page_id=3933","title":{"rendered":"Propozice 2019"},"content":{"rendered":"<ul>\n<li><strong><a  data-e-Disable-Page-Transition=\"true\" class=\"download-link\" title=\"\" href=\"https:\/\/www.sskslovany.cz?download=3935&amp;tmstv=1777142497\" rel=\"nofollow\" id=\"download-link-3935\" data-redirect=\"false\" >\n\t20190105 - O poh\u00e1r SSK Plze\u0148 - Slovany\t(sta\u017eeno 1513\u00d7 \t)\n<\/a>\n<\/strong><\/li>\n<li><a  data-e-Disable-Page-Transition=\"true\" class=\"download-link\" title=\"\" href=\"https:\/\/www.sskslovany.cz?download=4068&amp;tmstv=1777142497\" rel=\"nofollow\" id=\"download-link-4068\" data-redirect=\"false\" >\n\t20190112-20190113 - Poh\u00e1r m\u011bsta Bene\u0161ova\t(sta\u017eeno 803\u00d7 \t)\n<\/a>\n<\/li>\n<li><a  data-e-Disable-Page-Transition=\"true\" class=\"download-link\" title=\"\" href=\"https:\/\/www.sskslovany.cz?download=4076&amp;tmstv=1777142497\" rel=\"nofollow\" id=\"download-link-4076\" data-redirect=\"false\" >\n\t20190119-20190120 - GP Liberec, GP Syner\t(sta\u017eeno 1007\u00d7 \t)\n<\/a>\n<\/li>\n<li><a  data-e-Disable-Page-Transition=\"true\" class=\"download-link\" title=\"\" href=\"https:\/\/www.sskslovany.cz?download=4059&amp;tmstv=1777142497\" rel=\"nofollow\" id=\"download-link-4059\" data-redirect=\"false\" >\n\t20190126 - Chodsk\u00fd \u010cakan\t(sta\u017eeno 982\u00d7 \t)\n<\/a>\n<\/li>\n<li><a  data-e-Disable-Page-Transition=\"true\" class=\"download-link\" title=\"\" href=\"https:\/\/www.sskslovany.cz?download=4436&amp;tmstv=1777142497\" rel=\"nofollow\" id=\"download-link-4436\" data-redirect=\"false\" >\n\t20190316-20190317 - Sezemick\u00fd MAMLAS\t(sta\u017eeno 856\u00d7 \t)\n<\/a>\n<\/li>\n<li><a  data-e-Disable-Page-Transition=\"true\" class=\"download-link\" title=\"\" href=\"https:\/\/www.sskslovany.cz?download=4502&amp;tmstv=1777142497\" rel=\"nofollow\" id=\"download-link-4502\" data-redirect=\"false\" >\n\t20190411-20190921- Oblastn\u00ed st\u0159eleck\u00e1 sout\u011b\u017e jednotlivc\u016f\t(sta\u017eeno 970\u00d7 \t)\n<\/a>\n<\/li>\n<li><a  data-e-Disable-Page-Transition=\"true\" class=\"download-link\" title=\"\" href=\"https:\/\/www.sskslovany.cz?download=4473&amp;tmstv=1777142497\" rel=\"nofollow\" id=\"download-link-4473\" data-redirect=\"false\" >\n\t20190413 - Jarn\u00ed cena Chaloupek\t(sta\u017eeno 829\u00d7 \t)\n<\/a>\n<\/li>\n<li><a href=\"http:\/\/www.manusice.estranky.cz\/file\/255\/propozice-jc2019.pdf\" target=\"_blank\" rel=\"noopener noreferrer\">20190501 &#8211; Jarn\u00ed cena Manu\u0161ic<\/a> (odkaz na extern\u00ed web)<\/li>\n<li><strong><a  data-e-Disable-Page-Transition=\"true\" class=\"download-link\" title=\"\" href=\"https:\/\/www.sskslovany.cz?download=4457&amp;tmstv=1777142497\" rel=\"nofollow\" id=\"download-link-4457\" data-redirect=\"false\" >\n\t20190505-20190915 - Slovansk\u00e1 liga LP60\t(sta\u017eeno 1077\u00d7 \t)\n<\/a>\n<\/strong><\/li>\n<li><strong><a  data-e-Disable-Page-Transition=\"true\" class=\"download-link\" title=\"Verze 2\" href=\"https:\/\/www.sskslovany.cz?download=4539&amp;tmstv=1777142497\" rel=\"nofollow\" id=\"download-link-4539\" data-redirect=\"false\" >\n\t20190511 - Ko\u0161uteck\u00e1 flinta I\t(sta\u017eeno 1057\u00d7 \t)\n<\/a>\n<\/strong><\/li>\n<li><a  data-e-Disable-Page-Transition=\"true\" class=\"download-link\" title=\"\" href=\"https:\/\/www.sskslovany.cz?download=4487&amp;tmstv=1777142497\" rel=\"nofollow\" id=\"download-link-4487\" data-redirect=\"false\" >\n\t20190525-20190810 - Chodsk\u00fd seniorsk\u00fd le\u017e\u00e1k\t(sta\u017eeno 870\u00d7 \t)\n<\/a>\n<\/li>\n<li><strong><a  data-e-Disable-Page-Transition=\"true\" class=\"download-link\" title=\"\" href=\"https:\/\/www.sskslovany.cz?download=4335&amp;tmstv=1777142497\" rel=\"nofollow\" id=\"download-link-4335\" data-redirect=\"false\" >\n\t20190614-20190616 - Propozice Mistrovstv\u00ed veter\u00e1n\u016f\t(sta\u017eeno 1057\u00d7 \t)\n<\/a>\n<\/strong><\/li>\n<li><strong><a  data-e-Disable-Page-Transition=\"true\" class=\"download-link\" title=\"\" href=\"https:\/\/www.sskslovany.cz?download=4338&amp;tmstv=1777142497\" rel=\"nofollow\" id=\"download-link-4338\" data-redirect=\"false\" >\n\t20190614-20190616 - Proposition Championship of veterans\t(sta\u017eeno 1042\u00d7 \t)\n<\/a>\n<\/strong><\/li>\n<li><strong><a  data-e-Disable-Page-Transition=\"true\" class=\"download-link\" title=\"\" href=\"https:\/\/www.sskslovany.cz?download=4527&amp;tmstv=1777142497\" rel=\"nofollow\" id=\"download-link-4527\" data-redirect=\"false\" >\n\t20190601 - Plze\u0148sk\u00fd revolver\t(sta\u017eeno 1050\u00d7 \t)\n<\/a>\n<\/strong><\/li>\n<li><a  data-e-Disable-Page-Transition=\"true\" class=\"download-link\" title=\"\" href=\"https:\/\/www.sskslovany.cz?download=4658&amp;tmstv=1777142497\" rel=\"nofollow\" id=\"download-link-4658\" data-redirect=\"false\" >\n\t20190810 - VC SKP Psohlavec\t(sta\u017eeno 822\u00d7 \t)\n<\/a>\n<\/li>\n<li><a  data-e-Disable-Page-Transition=\"true\" class=\"download-link\" title=\"\" href=\"https:\/\/www.sskslovany.cz?download=4664&amp;tmstv=1777142497\" rel=\"nofollow\" id=\"download-link-4664\" data-redirect=\"false\" >\n\t20190810-20190811 - Memori\u00e1l Josefa Vl\u010dka, VC Pod\u011bbrad\t(sta\u017eeno 0\u00d7 \t)\n<\/a>\n<\/li>\n<li><strong><a  data-e-Disable-Page-Transition=\"true\" class=\"download-link\" title=\"\" href=\"https:\/\/www.sskslovany.cz?download=4690&amp;tmstv=1777142497\" rel=\"nofollow\" id=\"download-link-4690\" data-redirect=\"false\" >\n\t20190907 - Ko\u0161uteck\u00e1 flinta 2\t(sta\u017eeno 1072\u00d7 \t)\n<\/a>\n<\/strong><\/li>\n<li><a  data-e-Disable-Page-Transition=\"true\" class=\"download-link\" title=\"\" href=\"https:\/\/www.sskslovany.cz?download=4681&amp;tmstv=1777142497\" rel=\"nofollow\" id=\"download-link-4681\" data-redirect=\"false\" >\n\t20190914 - Poh\u00e1r Svornosti\t(sta\u017eeno 819\u00d7 \t)\n<\/a>\n<\/li>\n<li><a  data-e-Disable-Page-Transition=\"true\" class=\"download-link\" title=\"\" href=\"https:\/\/www.sskslovany.cz?download=4810&amp;tmstv=1777142497\" rel=\"nofollow\" id=\"download-link-4810\" data-redirect=\"false\" >\n\t20191005 - Podzimn\u00ed cena Chaloupek\t(sta\u017eeno 741\u00d7 \t)\n<\/a>\n<\/li>\n<li><a  data-e-Disable-Page-Transition=\"true\" class=\"download-link\" title=\"\" href=\"https:\/\/www.sskslovany.cz?download=4957&amp;tmstv=1777142497\" rel=\"nofollow\" id=\"download-link-4957\" data-redirect=\"false\" >\n\t20191102 - VC Dukly - Memori\u00e1l J\u00e1ry Mot\u00e1ka\t(sta\u017eeno 727\u00d7 \t)\n<\/a>\n<\/li>\n<li><a  data-e-Disable-Page-Transition=\"true\" class=\"download-link\" title=\"\" href=\"https:\/\/www.sskslovany.cz?download=4953&amp;tmstv=1777142497\" rel=\"nofollow\" id=\"download-link-4953\" data-redirect=\"false\" >\n\t20191102 - VC Dukly\t(sta\u017eeno 743\u00d7 \t)\n<\/a>\n<\/li>\n<li><a  data-e-Disable-Page-Transition=\"true\" class=\"download-link\" title=\"\" href=\"https:\/\/www.sskslovany.cz?download=4824&amp;tmstv=1777142497\" rel=\"nofollow\" id=\"download-link-4824\" data-redirect=\"false\" >\n\t20191115-20191117 - VC Libereck\u00e9ho kraje, VC Str\u00e1\u017ee n.N., VC Semily\t(sta\u017eeno 799\u00d7 \t)\n<\/a>\n<\/li>\n<li><strong><a  data-e-Disable-Page-Transition=\"true\" class=\"download-link\" title=\"\" href=\"https:\/\/www.sskslovany.cz?download=5042&amp;tmstv=1777142497\" rel=\"nofollow\" id=\"download-link-5042\" data-redirect=\"false\" >\n\t20191122-20200308 - Slovansk\u00e1 elektronick\u00e1 liga 2019\/2020\t(sta\u017eeno 2024\u00d7 \t)\n<\/a>\n<\/strong><\/li>\n<li><a  data-e-Disable-Page-Transition=\"true\" class=\"download-link\" title=\"\" href=\"https:\/\/www.sskslovany.cz?download=4998&amp;tmstv=1777142497\" rel=\"nofollow\" id=\"download-link-4998\" data-redirect=\"false\" >\n\t20191123 - Tachovsk\u00e1 diabolka\t(sta\u017eeno 715\u00d7 \t)\n<\/a>\n<\/li>\n<li><a  data-e-Disable-Page-Transition=\"true\" class=\"download-link\" title=\"\" href=\"https:\/\/www.sskslovany.cz?download=5089&amp;tmstv=1777142497\" rel=\"nofollow\" id=\"download-link-5089\" data-redirect=\"false\" >\n\t20191221-20191222 - VC Sezemic\t(sta\u017eeno 817\u00d7 \t)\n<\/a>\n<\/li>\n<li><strong><a  data-e-Disable-Page-Transition=\"true\" class=\"download-link\" title=\"\" href=\"https:\/\/www.sskslovany.cz?download=4962&amp;tmstv=1777142497\" rel=\"nofollow\" id=\"download-link-4962\" data-redirect=\"false\" >\n\t20191221-20200307 - Vzduchov\u00e1 pistole na Ko\u0161utce\t(sta\u017eeno 2759\u00d7 \t)\n<\/a>\n<\/strong><\/li>\n<\/ul>\n\n\n<p class=\"wp-block-paragraph\"><\/p>\n","protected":false},"excerpt":{"rendered":"<p>20190501 &#8211; Jarn\u00ed cena Manu\u0161ic (odkaz na extern\u00ed web)<\/p>\n","protected":false},"author":1,"featured_media":0,"parent":0,"menu_order":0,"comment_status":"closed","ping_status":"closed","template":"","meta":{"_crdt_document":"","footnotes":""},"class_list":["post-3933","page","type-page","status-publish","hentry"],"_links":{"self":[{"href":"https:\/\/www.sskslovany.cz\/index.php?rest_route=\/wp\/v2\/pages\/3933","targetHints":{"allow":["GET"]}}],"collection":[{"href":"https:\/\/www.sskslovany.cz\/index.php?rest_route=\/wp\/v2\/pages"}],"about":[{"href":"https:\/\/www.sskslovany.cz\/index.php?rest_route=\/wp\/v2\/types\/page"}],"author":[{"embeddable":true,"href":"https:\/\/www.sskslovany.cz\/index.php?rest_route=\/wp\/v2\/users\/1"}],"replies":[{"embeddable":true,"href":"https:\/\/www.sskslovany.cz\/index.php?rest_route=%2Fwp%2Fv2%2Fcomments&post=3933"}],"version-history":[{"count":33,"href":"https:\/\/www.sskslovany.cz\/index.php?rest_route=\/wp\/v2\/pages\/3933\/revisions"}],"predecessor-version":[{"id":5093,"href":"https:\/\/www.sskslovany.cz\/index.php?rest_route=\/wp\/v2\/pages\/3933\/revisions\/5093"}],"wp:attachment":[{"href":"https:\/\/www.sskslovany.cz\/index.php?rest_route=%2Fwp%2Fv2%2Fmedia&parent=3933"}],"curies":[{"name":"wp","href":"https:\/\/api.w.org\/{rel}","templated":true}]}}